.
176
What is the remainder when 651 is divided by 213?
12
What is the remainder when 2255 is divided by 24?
23
What is the remainder when 439 is divided by 17?
14
Calculate the remainder when 84 is divided by 29.
26
What is the remainder when 1119 is divided by 40?
39
What is the remainder when 109 is divided by 5?
4
Calculate the remainder when 314 is divided by 24.
2
Calculate the remainder when 283 is divided by 45.
13
What is the remainder when 7936 is divided by 14?
12
What is the remainder when 541 is divided by 178?
7
Calculate the remainder when 58 is divided by 6.
4
Calculate the remainder when 95 is divided by 55.
40
What is the remainder when 264 is divided by 17?
9
Calculate the remainder when 80 is divided by 30.
20
What is the remainder when 1218 is divided by 5?
3
Calculate the remainder when 4241 is divided by 85.
76
What is the remainder when 679 is divided by 17?
16
What is the remainder when 482 is divided by 74?
38
What is the remainder when 17 is divided by 7?
3
Calculate the remainder when 601 is divided by 198.
7
What is the remainder when 255 is divided by 32?
31
What is the remainder when 235 is divided by 28?
11
Calculate the remainder when 222 is divided by 33.
24
Calculate the remainder when 388 is divided by 38.
8
What is the remainder when 175 is divided by 36?
31
Calculate the remainder when 71 is divided by 39.
32
What is the remainder when 1181 is divided by 12?
5
What is the remainder when 119 is divided by 24?
23
What is the remainder when 38914 is divided by 9?
7
What is the remainder when 178 is divided by 169?
9
Calculate the remainder when 92 is divided by 16.
12
Calculate the remainder when 154 is divided by 24.
10
Calculate the remainder when 963 is divided by 305.
48
What is the remainder when 448 is divided by 88?
8
What is the remainder when 440 is divided by 89?
84
Calculate the remainder when 368 is divided by 94.
86
What is the remainder when 315 is divided by 34?
9
What is the remainder when 105 is divided by 46?
13
Calculate the remainder when 73 is divided by 25.
23
What is the remainder when 382 is divided by 103?
73
Calculate the remainder when 641 is divided by 17.
12
What is the remainder when 108 is divided by 51?
6
Calculate the remainder when 11958 is divided by 130.
128
Calculate the remainder when 270 is divided by 11.
6
What is the remainder when 292 is divided by 11?
6
Calculate the remainder when 122 is divided by 6.
2
What is the remainder when 381 is divided by 9?
3
What is the remainder when 154 is divided by 18?
10
What is the remainder when 502 is divided by 238?
26
What is the remainder when 79 is divided by 4?
3
Calculate the remainder when 44 is divided by 10.
4
Calculate the remainder when 911 is divided by 128.
15
Calculate the remainder when 4493 is divided by 34.
5
What is the remainder when 79 is divided by 10?
9
What is the remainder when 439 is divided by 21?
19
Calculate the remainder when 349 is divided by 27.
25
Calculate the remainder when 358 is divided by 91.
85
What is the remainder when 87 is divided by 48?
39
What is the remainder when 14 is divided by 6?
2
Calculate the remainder when 150 is divided by 69.
12
What is the remainder when 1342 is divided by 112?
110
What is the remainder when 217 is divided by 12?
1
Calculate the remainder when 88 is divided by 26.
10
What is the remainder when 569 is divided by 37?
14
Calculate the remainder when 1412 is divided by 689.
34
What is the remainder when 116 is divided by 10?
6
What is the remainder when 2959 is divided by 986?
1
What is the remainder when 690 is divided by 176?
162
What is the remainder when 202 is divided by 3?
1
Calculate the remainder when 531 is divided by 43.
15
What is the remainder when 188 is divided by 34?
18
What is the remainder when 9121 is divided by 294?
7
What is the remainder when 330 is divided by 75?
30
What is the remainder when 28 is divided by 26?
2
What is the remainder when 276 is divided by 94?
88
Calculate the remainder when 439 is divided by 161.
117
Calculate the remainder when 1242 is divided by 11.
10
Calculate the remainder when 887 is divided by 29.
17
Calculate the remainder when 302 is divided by 17.
13
What is the remainder when 5596 is divided by 9?
7
What is the remainder when 1973 is divided by 23?
18
Calculate the remainder when 13431 is divided by 184.
183
What is the remainder when 508 is divided by 19?
14
Calculate the remainder when 122 is divided by 73.
49
Calculate the remainder when 3633 is divided by 905.
13
What is the remainder when 2732 is divided by 138?
110
What is the remainder when 246 is divided by 18?
12
What is the remainder when 43 is divided by 11?
10
Calculate the remainder when 119 is divided by 41.
37
Calculate the remainder when 274 is divided by 31.
26
Calculate the remainder when 1547 is divided by 58.
39
Calculate the remainder when 674 is divided by 19.
9
Calculate the remainder when 878 is divided by 21.
17
Calculate the remainder when 110 is divided by 20.
10
Calculate the remainder when 174 is divided by 25.
24
What is the remainder when 6171 is divided by 126?
123
Calculate the remainder when 72 is divided by 15.
12
What is the remainder when 581 is divided by 165?
86
Calculate the remainder when 135 is divided by 67.
1
Calculate the remainder when 234 is divided by 34.
30
Calculate the remainder when 117 is divided by 59.
58
Calculate the remainder when 257 is divided by 59.
21
Calculate the remainder when 256 is divided by 144.
112
Calculate the remainder when 75 is divided by 10.
5
What is the remainder when 187 is divided by 12?
7
What is the remainder when 1078 is divided by 359?
1
Calculate the remainder when 27 is divided by 21.
6
Calculate the remainder when 317 is divided by 102.
11
Calculate the remainder when 96 is divided by 11.
8
Calculate the remainder when 1500 is divided by 167.
164
Calculate the remainder when 492 is divided by 242.
8
Calculate the remainder when 280 is divided by 59.
44
What is the remainder when 66 is divided by 21?
3
What is the remainder when 182 is divided by 8?
6
What is the remainder when 1517 is divided by 7?
5
What is the remainder when 78 is divided by 48?
30
Calculate the remainder when 414 is divided by 104.
102
Calculate the remainder when 3357 is divided by 73.
72
What is the remainder when 638 is divided by 20?
18
What is the remainder when 1327 is divided by 223?
212
Calculate the remainder when 1378 is divided by 138.
136
What is the remainder when 959 is divided by 74?
71
What is the remainder when 430 is divided by 60?
10
Calculate the remainder when 35 is divided by 8.
3
What is the remainder when 2335 is divided by 35?
25
What is the remainder when 28177 is divided by 73?
72
Calculate the remainder when 842 is divided by 11.
6
What is the remainder when 192 is divided by 13?
10
What is the remainder when 247 is divided by 12?
7
Calculate the remainder when 2368 is divided by 158.
156
What is the remainder when 341 is divided by 27?
17
Calculate the remainder when 142 is divided by 18.
16
What is the remainder when 1126 is divided by 1?
0
Calculate the remainder when 245 is divided by 41.
40
Calculate the remainder when 700 is divided by 98.
14
What is the remainder when 537 is divided by 15?
12
What is the remainder when 645 is divided by 241?
163
Calculate the remainder when 2029 is divided by 14.
13
Calculate the remainder when 1082 is divided by 273.
263
What is the remainder when 148 is divided by 53?
42
What is the remainder when 1557 is divided by 52?
49
What is the remainder when 19069 is divided by 13?
11
Calculate the remainder when 514 is divided by 190.
134
What is the remainder when 724 is divided by 52?
48
Calculate the remainder when 102 is divided by 24.
6
Calculate the remainder when 403 is divided by 99.
7
What is the remainder when 263 is divided by 33?
32
What is the remainder when 155 is divided by 13?
12
What is the remainder when 739 is divided by 244?
7
Calculate the remainder when 289 is divided by 119.
51
Calculate the remainder when 1349 is divided by 40.
29
Calculate the remainder when 76 is divided by 25.
1
Calculate the remainder when 1088 is divided by 52.
48
Calculate the remainder when 263 is divided by 89.
85
What is the remainder when 